{"id":44,"date":"2013-05-13T19:26:35","date_gmt":"2013-05-13T19:26:35","guid":{"rendered":"http:\/\/worldploughing.org\/?page_id=44"},"modified":"2024-10-02T14:40:41","modified_gmt":"2024-10-02T13:40:41","slug":"contact-us","status":"publish","type":"page","link":"https:\/\/worldploughing.org\/?page_id=44","title":{"rendered":"Contact Us"},"content":{"rendered":"<table>\n<tbody>\n<tr>\n<td style=\"text-align: left;\"><span style=\"font-weight: 400;\">Country<\/span><\/td>\n<td style=\"text-align: left;\"><span style=\"font-weight: 400;\">Name<\/span><\/td>\n<td style=\"text-align: left;\"><span style=\"font-weight: 400;\">Email<\/span><\/td>\n<\/tr>\n<tr>\n<td><b>Australia<\/b><\/td>\n<td><span style=\"font-weight: 400;\">Peter Gladwell<\/span><\/td>\n<td><a href=\"mailto:gladwellfamily4@bigpond.com\"><span style=\"font-weight: 400;\">gladwellfamily4@bigpond.com<\/span><\/a><\/td>\n<\/tr>\n<tr>\n<td><b>Austria<\/b><\/td>\n<td><span style=\"font-weight: 400;\">Bernhard Altmann<\/span><\/td>\n<td><a href=\"mailto:bernard.altmann@altmann-gmbh.at\"><span style=\"font-weight: 400;\">bernard.altmann@altmann-gmbh.at<\/span><\/a><\/td>\n<\/tr>\n<tr>\n<td><b>Belgium<\/b><\/td>\n<td><span style=\"font-weight: 400;\">Karel Van Dijck<\/span><\/td>\n<td><a href=\"mailto:karelvandijck@skynet.be\"><span style=\"font-weight: 400;\">karelvandijck@skynet.be<\/span><\/a><\/td>\n<\/tr>\n<tr>\n<td><b>Canada<\/b><\/td>\n<td><span style=\"font-weight: 400;\">Tom Ryall<\/span><\/td>\n<td><a href=\"mailto:tomryall@hotmail.com\">tomryall@hotmail.com<\/a><\/td>\n<\/tr>\n<tr>\n<td><b>Croatia<\/b><\/td>\n<td><span style=\"font-weight: 400;\">Ivica Prpic<\/span><\/td>\n<td><a href=\"mailto:ivica.prpic@mps.hr\"><span style=\"font-weight: 400;\">ivica.prpic@mps.hr<\/span><\/a><\/td>\n<\/tr>\n<tr>\n<td><b>Czech Republic<\/b><\/td>\n<td>Ji\u0159\u00ed &nbsp;Ma\u0161ek<\/td>\n<td><a href=\"mailto:masekj@tf.czu.cz\">masekj@tf.czu.cz<\/a><\/td>\n<\/tr>\n<tr>\n<td><b>Denmark<\/b><\/td>\n<td><span style=\"font-weight: 400;\">Lars Gammelvind<\/span><\/td>\n<td><a href=\"mailto:lars@gammelvind.com\"><span style=\"font-weight: 400;\">lars@gammelvind.com<\/span><\/a><\/td>\n<\/tr>\n<tr>\n<td><b>England<\/b><\/td>\n<td><span style=\"font-weight: 400;\">John Hill<\/span><\/td>\n<td><a href=\"mailto:kidfieldfarm@gmail.com\"><span style=\"font-weight: 400;\">kidfieldfarm@gmail.com<\/span><\/a><\/td>\n<\/tr>\n<tr>\n<td><b>Estonia<\/b><\/td>\n<td><span style=\"font-weight: 400;\">Margus Ameerikas<\/span><\/td>\n<td><a href=\"mailto:margus.ameerikas@balticagroestonia.com\"><span style=\"font-weight: 400;\">margus.ameerikas@balticagroestonia.com<\/span><\/a><\/td>\n<\/tr>\n<tr>\n<td><b>Finland<\/b><\/td>\n<td><span style=\"font-weight: 400;\">Ismo Nakki<\/span><\/td>\n<td><a href=\"mailto:nakki.ismo@gmail.com\"><span style=\"font-weight: 400;\">nakki.ismo@gmail.com<\/span><\/a><\/td>\n<\/tr>\n<tr>\n<td><b>France<\/b><\/td>\n<td><span style=\"font-weight: 400;\">Freddy Bohr<\/span><\/td>\n<td><a href=\"mailto:freddy.bohr@wanadoo.fr\"><span style=\"font-weight: 400;\">freddy.bohr@wanadoo.fr<\/span><\/a><\/td>\n<\/tr>\n<tr>\n<td><b>Germany<\/b><\/td>\n<td><span style=\"font-weight: 400;\">Artur Jakle<\/span><\/td>\n<td><a href=\"mailto:artur.jaekle@t-online.de\"><span style=\"font-weight: 400;\">artur.jaekle@t-online.de<\/span><\/a><\/td>\n<\/tr>\n<tr>\n<td><b>Ireland<\/b><\/td>\n<td><span style=\"font-weight: 400;\">Anna May McHugh<\/span><\/td>\n<td><a href=\"mailto:ploughing@npa.ie\" target=\"_blank\" rel=\"nofollow noopener noreferrer\">ploughing@npa.ie<\/a><\/td>\n<\/tr>\n<tr>\n<td><b>Kenya<\/b><\/td>\n<td><span style=\"font-weight: 400;\">Richard Aiyabei<\/span><\/td>\n<td><a href=\"mailto:aiyabeisrich@gmail.com\"><span style=\"font-weight: 400;\">aiyabeisrich@gmail.com<\/span><\/a><\/td>\n<\/tr>\n<tr>\n<td><b>Kosovo<\/b><\/td>\n<td><span style=\"font-weight: 400;\">Bekim Hoxha<\/span><\/td>\n<td><a href=\"mailto:bekim.hoxha@rks-gov.net\"><span style=\"font-weight: 400;\">bekim.hoxha@rks-gov.net<\/span><\/a><\/td>\n<\/tr>\n<tr>\n<td><b>Latvia<\/b><\/td>\n<td><span style=\"font-weight: 400;\">Aigars Laurinovics<\/span><\/td>\n<td><a href=\"mailto:biolakbaltic@gmail.com\"><span style=\"font-weight: 400;\">biolakbaltic@gmail.com<\/span><\/a><\/td>\n<\/tr>\n<tr>\n<td><b>Lithuania<\/b><\/td>\n<td><span style=\"font-weight: 400;\">Vaclovas Boguzas<\/span><\/td>\n<td><a href=\"mailto:vaclovas.boguzas@vdu.lt\"><span style=\"font-weight: 400;\">vaclovas.boguzas@vdu.lt<\/span><\/a><\/td>\n<\/tr>\n<tr>\n<td><b>Macedonia<\/b><\/td>\n<td><span style=\"font-weight: 400;\">Pero Mitrev<\/span><\/td>\n<td><a href=\"mailto:peremitrev@yahoo.com\"><span style=\"font-weight: 400;\">peremitrev@yahoo.com<\/span><\/a><\/td>\n<\/tr>\n<tr>\n<td><b>Netherlands<\/b><\/td>\n<td>Ingeborg Spieker<\/td>\n<td><a href=\"mailto:ingeborg.spieker@gmail.com\" target=\"_blank\" rel=\"nofollow noopener noreferrer\">ingeborg.spieker@gmail.com<\/a><\/td>\n<\/tr>\n<tr>\n<td><b>New Zealand<\/b><\/td>\n<td><span style=\"font-weight: 400;\">Colin Millar<\/span><\/td>\n<td><a href=\"mailto:colin@millarz.co.nz\"><span style=\"font-weight: 400;\">colin@millarz.co.nz<\/span><\/a><\/td>\n<\/tr>\n<tr>\n<td><b>Northern Ireland<\/b><\/td>\n<td><span style=\"font-weight: 400;\">Adrian Jamison<\/span><\/td>\n<td><a href=\"mailto:adrianjamison@btinternet.com\"><span style=\"font-weight: 400;\">adrianjamison@btinternet.com<\/span><\/a><\/td>\n<\/tr>\n<tr>\n<td><b>Norway<\/b><\/td>\n<td><span style=\"font-weight: 400;\">Rasmus Mjolhus<\/span><\/td>\n<td><a href=\"mailto:rasmusm@hesynett.no\"><span style=\"font-weight: 400;\">rasmusm@hesynett.no<\/span><\/a><\/td>\n<\/tr>\n<tr>\n<td><b>Russia<\/b><\/td>\n<td><span style=\"font-weight: 400;\">Alexey Troitskiy<\/span><\/td>\n<td><a href=\"mailto:ruplow@gmail.com\"><span style=\"font-weight: 400;\">ruplow@gmail.com<\/span><\/a><\/td>\n<\/tr>\n<tr>\n<td><b>Scotland<\/b><\/td>\n<td><span style=\"font-weight: 400;\">Joyce Mitchell<\/span><\/td>\n<td><a href=\"mailto:mitchell.thehaughs@btinternet.com\"><span style=\"font-weight: 400;\">mitchell.thehaughs@btinternet.com<\/span><\/a><\/td>\n<\/tr>\n<tr>\n<td><b>Slovenia<\/b><\/td>\n<td><span style=\"font-weight: 400;\">Marajan Kardinar<\/span><\/td>\n<td><a href=\"mailto:marjan.kadinar@dobrovnik.si\"><span style=\"font-weight: 400;\">marjan.kadinar@dobrovnik.si<\/span><\/a><\/td>\n<\/tr>\n<tr>\n<td><b>Sweden<\/b><\/td>\n<td>Bengt Martinsson<\/td>\n<td><a href=\"mailto:bengt.martinsson@ludvig.se\" target=\"_blank\" rel=\"nofollow noopener noreferrer\">bengt.martinsson@ludvig.se<\/a><\/td>\n<\/tr>\n<tr>\n<td><b>Switzerland<\/b><\/td>\n<td><span style=\"font-weight: 400;\">Willi Zollinger-Konig<\/span><\/td>\n<td><a href=\"mailto:willi.zollinger@bluewin.ch\"><span style=\"font-weight: 400;\">willi.zollinger@bluewin.ch<\/span><\/a><\/td>\n<\/tr>\n<tr>\n<td><b>USA<\/b><\/td>\n<td><span style=\"font-weight: 400;\">Conrad Gruber<\/span><\/td>\n<td><a href=\"mailto:csgruber6@meltel.net\"><span style=\"font-weight: 400;\">csgruber6@meltel.net<\/span><\/a><\/td>\n<\/tr>\n<tr>\n<td><b>Wales<\/b><\/td>\n<td><span style=\"font-weight: 400;\">Gareth Jones<\/span><\/td>\n<td><a href=\"mailto:garethploghman@gmail.com\"><span style=\"font-weight: 400;\">garethploghman@gmail.com<\/span><\/a><\/td>\n<\/tr>\n<\/tbody>\n<\/table>\n<p style=\"text-align: left;\">&nbsp;<\/p>\n","protected":false},"excerpt":{"rendered":"<p>Country Name Email Australia Peter Gladwell gladwellfamily4@bigpond.com Austria Bernhard Altmann bernard.altmann@altmann-gmbh.at Belgium Karel Van Dijck karelvandijck@skynet.be Canada Tom Ryall tomryall@hotmail.com Croatia Ivica Prpic ivica.prpic@mps.hr Czech Republic Ji\u0159\u00ed &nbsp;Ma\u0161ek masekj@tf.czu.cz Denmark Lars Gammelvind lars@gammelvind.com England John Hill kidfieldfarm@gmail.com Estonia Margus Ameerikas&#8230; <a class=\"more-link\" href=\"https:\/\/worldploughing.org\/?page_id=44\">Continue Reading &rarr;<\/a><\/p>\n","protected":false},"author":1,"featured_media":0,"parent":0,"menu_order":0,"comment_status":"closed","ping_status":"closed","template":"","meta":{"ngg_post_thumbnail":0,"footnotes":"","_links_to":"","_links_to_target":""},"class_list":["post-44","page","type-page","status-publish","hentry"],"_links":{"self":[{"href":"https:\/\/worldploughing.org\/index.php?rest_route=\/wp\/v2\/pages\/44","targetHints":{"allow":["GET"]}}],"collection":[{"href":"https:\/\/worldploughing.org\/index.php?rest_route=\/wp\/v2\/pages"}],"about":[{"href":"https:\/\/worldploughing.org\/index.php?rest_route=\/wp\/v2\/types\/page"}],"author":[{"embeddable":true,"href":"https:\/\/worldploughing.org\/index.php?rest_route=\/wp\/v2\/users\/1"}],"replies":[{"embeddable":true,"href":"https:\/\/worldploughing.org\/index.php?rest_route=%2Fwp%2Fv2%2Fcomments&post=44"}],"version-history":[{"count":75,"href":"https:\/\/worldploughing.org\/index.php?rest_route=\/wp\/v2\/pages\/44\/revisions"}],"predecessor-version":[{"id":7124,"href":"https:\/\/worldploughing.org\/index.php?rest_route=\/wp\/v2\/pages\/44\/revisions\/7124"}],"wp:attachment":[{"href":"https:\/\/worldploughing.org\/index.php?rest_route=%2Fwp%2Fv2%2Fmedia&parent=44"}],"curies":[{"name":"wp","href":"https:\/\/api.w.org\/{rel}","templated":true}]}}